 ten thousands digit of 183427?
8
What is the units digit of 720633?
3
What is the thousands digit of 30381457?
1
What is the ten thousands digit of 9586698?
8
What is the thousands digit of 1673661?
3
What is the hundreds digit of 181052?
0
What is the hundreds digit of 55481?
4
What is the hundreds digit of 475746?
7
What is the units digit of 155709?
9
What is the units digit of 727102?
2
What is the hundred thousands digit of 3650304?
6
What is the ten thousands digit of 63824?
6
What is the tens digit of 2191902?
0
What is the thousands digit of 662595?
2
What is the millions digit of 1927856?
1
What is the tens digit of 482818?
1
What is the hundreds digit of 256424?
4
What is the ten thousands digit of 22101?
2
What is the units digit of 365445?
5
What is the tens digit of 18070?
7
What is the millions digit of 16081514?
6
What is the hundred thousands digit of 1219998?
2
What is the hundreds digit of 2139625?
6
What is the units digit of 541351?
1
What is the tens digit of 51754?
5
What is the millions digit of 9414517?
9
What is the hundreds digit of 414881?
8
What is the ten thousands digit of 4758816?
5
What is the tens digit of 674134?
3
What is the millions digit of 1036044?
1
What is the ten thousands digit of 743688?
4
What is the thousands digit of 955501?
5
What is the millions digit of 6105700?
6
What is the thousands digit of 2184898?
4
What is the tens digit of 1026276?
7
What is the tens digit of 335072?
7
What is the thousands digit of 2937264?
7
What is the hundreds digit of 1492021?
0
What is the hundreds digit of 424687?
6
What is the hundred thousands digit of 734594?
7
What is the ten thousands digit of 3093337?
9
What is the hundreds digit of 11197010?
0
What is the ten thousands digit of 4501437?
0
What is the ten thousands digit of 17431382?
3
What is the units digit of 1779206?
6
What is the thousands digit of 341710?
1
What is the units digit of 113200?
0
What is the ten thousands digit of 4152929?
5
What is the hundreds digit of 4391638?
6
What is the ten thousands digit of 2233042?
3
What is the ten thousands digit of 497378?
9
What is the thousands digit of 1531731?
1
What is the tens digit of 3362914?
1
What is the units digit of 12628708?
8
What is the tens digit of 624759?
5
What is the thousands digit of 193042?
3
What is the hundred thousands digit of 11718814?
7
What is the millions digit of 6675838?
6
What is the hundreds digit of 8413901?
9
What is the hundreds digit of 18563545?
5
What is the millions digit of 2797801?
2
What is the thousands digit of 385095?
5
What is the units digit of 717961?
1
What is the tens digit of 120207?
0
What is the hundreds digit of 531293?
2
What is the units digit of 47642?
2
What is the hundred thousands digit of 1877855?
8
What is the tens digit of 1845324?
2
What is the thousands digit of 190006?
0
What is the hundred thousands digit of 4793301?
7
What is the hundreds digit of 143379?
3
What is the hundred thousands digit of 175277?
1
What is the units digit of 53362?
2
What is the hundreds digit of 1188113?
1
What is the thousands digit of 12390?
2
What is the units digit of 42510?
0
What is the hundred thousands digit of 148917?
1
What is the ten thousands digit of 1616205?
1
What is the thousands digit of 672305?
2
What is the thousands digit of 611282?
1
What is the hundreds digit of 14134154?
1
What is the hundred thousands digit of 489749?
4
What is the hundred thousands digit of 961430?
9
What is the ten millions digit of 16912912?
1
What is the thousands digit of 494784?
4
What is the units digit of 4076177?
7
What is the tens digit of 132762?
6
What is the tens digit of 180727?
2
What is the units digit of 3144670?
0
What is the hundreds digit of 442882?
8
What is the ten thousands digit of 3888035?
8
What is the tens digit of 819037?
3
What is the hundred thousands digit of 205203?
2
What is the hundred thousands digit of 589041?
5
What is the tens digit of 1025479?
7
What is the thousands digit of 1475357?
5
What is the ten thousands digit of 60660?
6
What is the ten thousands digit of 3073777?
7
What is the millions digit of 1036305?
1
What is the hundreds digit of 488835?
8
What is the hundred thousands digit of 591342?
5
What is the ten thousands digit of 222009?
2
What is the hundred thousands digit of 16168677?
1
What is the hundreds digit of 82454?
4
What is the tens digit of 1007611?
1
What is the units digit of 1141713?
3
What is the hundreds digit of 98871?
8
What is the thousands digit of 107208?
7
What is the millions digit of 14926313?
4
What is the hundred thousands digit of 29159939?
1
What is the thousands digit of 1107184?
7
What is the units digit of 32523?
3
What is the tens digit of 416578?
7
What is the hundred thousands digit of 760328?
7
What is the thousands digit of 413345?
3
What is the hundred thousands digit of 4855024?
8
What is the tens digit of 1439129?
2
What is the ten thousands digit of 9553265?
5
What is the tens digit of 2863830?
3
What is the units digit of 14718?
8
What is the ten thousands digit of 431268?
3
What is the hundreds digit of 113132?
1
What is the millions digit of 29478787?
9
What is the hundreds digit of 342133?
1
What is the tens digit of 197331?
3
What is the tens digit of 7020?
2
What is the hundred thousands digit of 125722?
1
What is the hundred thousands digit of 7240559?
2
What is the units digit of 5881115?
5
What is the units digit of 13043904?
4
What is the hundred thousands digit of 11190710?
1
What is the thousands digit of 8116017?
6
What is the ten thousands digit of 4333846?
3
What is the ten thousands digit of 527573?
2
What is the hundreds digit of 36954054?
0
What is the ten thousands digit of 236408?
3
What is the ten thousands digit of 46444?
4
What is the ten thousands digit of 325734?
2
What is the millions digit of 2830234?
2
What is the units digit of 182076?
6
What is the hundreds digit of 274355?
3
What is the ten millions digit of 10188677?
1
What is the hundred thousands digit of 8162005?
1
What is the thousands digit of 2011393?
1
What is the hundreds digit of 187913?
9
What is the hundreds digit of 450410?
4
What is the units digit of 4371746?
6
What is the units digit of 968812?
2
What is the thousands digit of 318532?
8
What is the units digit of 17240160?
0
What is the hundred thousands digit of 197889?
1
What is the hundreds digit of 36131?
1
What is the tens digit of 548162?
6
What is the units digit of 3525688?
8
What is the hundreds digit of 212471?
4
What is the hundred thousands digit of 967807?
9
What is the hundreds digit of 61885?
8
What is the units digit of 16981962?
2
What is the hundred thousands digit of 13373115?
3
What is the thousands digit of 17116402?
6
What is the millions digit of 8581424?
8
What is the tens digit of 184226?
2
What is the hundred thousands digit of 1888280?
8
What is the units digit of 3282354?
4
What is the ten thousands digit of 1802227?
0
What is the ten thousands digit of 201309?
0
What is the ten thousands digit of 21363132?
6
What is the ten thousands digit of 6674609?
7
What is the hundreds digit of 293318?
3
What is the units digit of 2818438?
8
What is the thousands digit of 4146393?
6
What is the hundred thousands digit of 1417435?
4
What is the hundreds digit of 5314394?
3
What is the hundreds digit of 8735146?
1
What is the units digit of 21202344?
4
What is the hundreds digit of 628507?
5
What is the units digit of 128697?
7
What is the thousands digit of 176007?
6
What is the tens digit of 118456?
5
What is the millions digit of 2121898?
2
What is the ten millions digit of 22334034?
2
What is the hundred thousands digit of 548032?
5
What is the millions digit of 15269627?
5
What is the hundreds digit of 17362252?
2
What is the hundred thousands digit of 138722?
1
What is the hundreds digit of 2875697?
6
What is the units digit of 6905769?
9
What is the units digit of 2197450?
0
What is the units digit of 812302?
2
What is the ten thousands digit of 12684409?
8
What is the units digit of 109770?
0
What is the hundreds digit of 1246129?
1
What is the millions digit of 4114081?
4
What is the tens digit of 4313008?
0
What is the tens digit of 3242599?
9
What is the hundred thousands digit of 1240991?
2
What is the thous